 o be l(u). Calculate the greatest common factor of o and 6.
6
Suppose -7*k + 24 = -3*k. Let z(i) = -i + 13. Let d be z(k). Let q be 10*(28/16)/((-2)/(-4)). What is the greatest common factor of d and q?
7
Let l(n) = 3*n - 9. Let o be l(6). Calculate the highest common divisor of 9 and o.
9
Suppose -4*p - 20 = -o, 4*o - p = 14 + 6. Let i be (18/4)/((-3)/4). Let y be (24/(-9))/(o/i). Calculate the greatest common factor of 2 and y.
2
Suppose 3*b = -9 - 3. Let z be b/(-2 + 0/(-4)). What is the highest common factor of z and 18?
2
Let a = 68 + 24. Let c be 10/4*a/5. What is the highest common factor of 23 and c?
23
Let l(z) = -5*z - 6. Let m be l(-4). Let b be 108/m - 22/(-77). Calculate the greatest common factor of b and 20.
4
Suppose -2*t + r + 304 = 0, 4*t - r - 612 = -0*r. What is the highest common factor of t and 14?
14
Suppose 0 = 2*a - 5*g - 24, -3*g = -3*a - 2*g + 10. Suppose 0 = -5*f + 3*f. Let r = 6 + f. What is the greatest common factor of a and r?
2
Let o be (0 - 1)/((-6)/12). Suppose 6 = o*i - 0. Suppose -19 = -i*y + 29. What is the highest common factor of y and 128?
16
Suppose -2*l - 5*o - 11 = -4*l, 2*o - 2 = 0. Let b(q) = q**3 - 7*q**2 - 11*q - 7. Let m be b(9). What is the greatest common divisor of m and l?
8
Let t(v) = -v**3 + 3*v**2 - 5*v - 3. Let h be t(-4). Let m = 265 - h. Calculate the highest common factor of m and 17.
17
Let n(t) = t**2 - t. Let y be -8*(-2)/(-8)*-2. Let b be n(y). What is the greatest common divisor of 96 and b?
12
Suppose 26*h - 21*h = 50. Calculate the greatest common divisor of 50 and h.
10
Let j = -25 - -49. What is the greatest common factor of 3 and j?
3
Suppose -2*v + 123 + 84 = 5*c, 0 = -2*v + 3*c + 183. What is the highest common factor of v and 12?
12
Let n(j) = 2*j**2 - 7*j + 5. Let k be n(6). Calculate the greatest common divisor of 7 and k.
7
Let c(n) = -6*n - 3. Let w(p) = -p**2 - p - 1. Let m be w(-2). Let t be c(m). What is the highest common divisor of 165 and t?
15
Let m be 2/(-4)*(-4 - 4). Let o be ((-2)/(-3))/(m/18). Calculate the highest common divisor of o and 3.
3
Suppose 0 = -2*b - b. Suppose -3*d = 5*x - 68, b = -5*x - 4*d - 3 + 72. Calculate the greatest common factor of 26 and x.
13
Let b(x) be the second derivative of -x**4/12 - 7*x**3/3 + x**2 + 8*x. Let l be b(-13). Calculate the highest common divisor of l and 75.
15
Let c(t) = t**2 + 8*t + 1. Let q be c(-9). Let g(k) = k**3 + 5*k**2 + 3*k + 6. Let y be g(-5). Let x = y + 13. Calculate the greatest common divisor of x and q.
2
Let h(o) = o**3 + 2*o**2 - o + 1. Let y be h(-2). Let u be (-1)/y - (-25)/3. Let q = 32 + 8. What is the greatest common divisor of u and q?
8
Suppose -c = 5*i - 79, 7*c = -5*i + 3*c + 91. Calculate the highest common factor of 60 and i.
15
Let i(s) = -s - 5. Let l be i(-7). Let x be (1 - l)*12/(-12). Calculate the highest common divisor of x and 2.
1
Let n = -8 + 14. Suppose 4*v = -n + 18. Suppose -96 = -v*a + 48. What is the highest common factor of a and 6?
6
Let t(c) = 6*c**2 - 1. Let v be t(1). Suppose i - v - 3 = 0. What is the greatest common divisor of 8 and i?
8
Let j(u) = 2 - u + 0*u**2 + 6*u + u**2. Let b be j(-7). Suppose 5*d - b - 34 = 0. What is the greatest common divisor of 10 and d?
10
Suppose -10 = -3*h + 44. What is the greatest common divisor of 9 and h?
9
Let w(h) be the first derivative of 15*h**4/2 + 1. Let b be w(1). Let v = b + -10. What is the greatest common divisor of 8 and v?
4
Suppose -6*v + 3*v - 403 = -5*b, -4*v - 164 = -2*b. Calculate the greatest common divisor of b and 10.
10
Let x be (99/(-6) + -8)/(1/(-2)). Calculate the greatest common factor of x and 98.
49
Suppose 8*j - 3*j - 58 = -4*x, 3*x - 2*j = 32. Let r = 11 + -8. Suppose -h = 3*h + x, y - 15 = -r*h. What is the greatest common factor of 8 and y?
8
Suppose 0 = 2*a + 3*p + 2*p + 11, 0 = -3*a - 5*p - 9. What is the highest common divisor of 2 and a?
2
Let t be -1 + (-1 - -8) + -2. Let n be (-1)/2 + 15/10. Calculate the greatest common divisor of n and t.
1
Suppose -2*l - 31 = -3*f, 2*f - 19 = -5*l + 27. What is the highest common divisor of f and 13?
13
Let h be 6/2*108/4. What is the greatest common divisor of 9 and h?
9
Let o be -4 + 329 + 2 - 3. What is the highest common factor of 36 and o?
36
Let h be 6 + 3 + (-99)/(-3). Let j(g) = g**2 - 6*g + 6. Let s be j(6). Let d = 8 + s. What is the greatest common divisor of d and h?
14
Let a be (19/(-2))/(1/2). Suppose 0 = 2*d - 179 + 69. Let o = d + a. Calculate the greatest common divisor of o and 12.
12
Let l(p) = 5*p + 3. Let u be l(6). Suppose -5*s + 2*o + 28 = 0, 2*s - s = -4*o + 10. Let f = 9 - s. Calculate the greatest common divisor of f and u.
3
Let n be 37/7 + 3 - (-2)/(-7). Calculate the greatest common divisor of 104 and n.
8
Let c be 3 + (0 - 1) + 9. Calculate the greatest common divisor of 121 and c.
11
Let b(d) = -6*d - 5. Let c be b(-2). Let h = c + -3. What is the highest common factor of 32 and h?
4
Let b = -10 + 15. Let s be 144 + 0/((-1)/(-1)). Suppose -s = x - b*x. What is the greatest common divisor of x and 9?
9
Let h(c) = -c**3 + c**2 + c - 3. Let f be h(-3). What is the highest common factor of f and 10?
10
Let y = 98 + -68. What is the greatest common factor of 15 and y?
15
Suppose -1 = -4*z + 3*d + 2, 0 = -5*z - 3*d + 24. Suppose -29 = -k + z. Suppose 0 = -u - 0*u + 16. Calculate the highest common factor of k and u.
16
Let b = -25 + 17. Let t be b/16*(-24 - 0). Calculate the greatest common factor of t and 2.
2
Suppose 4*z = 8*z - 300. Suppose g = -0*g + z. What is the greatest common factor of 30 and g?
15
Let s be 2/1 - (4 + -1). Let t(c) = -14*c - 1. Let y be t(s). Let o(v) = 12*v + 4. Let q be o(4). Calculate the greatest common factor of q and y.
13
Let z be (-1)/(3 + 28/(-9)). Suppose z = -g + 24. Let c = 64 - 19. What is the greatest common divisor of g and c?
15
Suppose 0 = -5*m - 5*s + 13 - 38, 0 = 3*m - 5*s - 25. Let j be (m + (-30)/(-9))*15. Calculate the greatest common divisor of 10 and j.
10
Suppose -i - 255 = -5*h, 4*i = 4*h - 139 - 81. What is the greatest common factor of 20 and h?
10
Suppose -3*t = 15, -3 = -5*h - 3*t + 2. Let q = 9 + h. Let b = q - 4. Calculate the highest common divisor of 18 and b.
9
Let s(r) = r**2 - 3*r + 2. Let o be s(2). Let x = o - -1. What is the highest common factor of 9 and x?
1
Suppose -123 = -4*s - 7*p + 12*p, 4*p = 4. What is the highest common factor of s and 32?
32
Let l(y) = -y + 20. Let t be l(0). Let k = 422 - 222. Suppose -3*h = h - k. Calculate the highest common factor of t and h.
10
Suppose 5*o = o + 52. Let x(a) = -a**3 + 2*a**2 - a + 2. Let p be x(2). Suppose -2*y + 4*y - 234 = p. What is the highest common divisor of y and o?
13
Let o = 18 + -10. Let l(m) = m**3 - 7*m**2 + 3*m - 1. Let k be l(o). Calculate the greatest common factor of 29 and k.
29
Suppose -2*z = 2*z + c - 21, 2*c = 4*z - 6. Calculate the greatest common divisor of z and 20.
4
Let g = 55 - -1. Calculate the greatest common divisor of g and 8.
8
Let x(y) = 8*y**2 + 3*y**3 + 3*y**3 + 5*y - 5*y**3 + 6. Let m be x(-5). What is the highest common divisor of m and 14?
14
Let u be 502/9 - 2/(-9). Suppose 3*c - 2*c = 3. Let h be c/5 + (-96)/(-15). Calculate the greatest common divisor of h and u.
7
Let s = 9 - -63. Let r(k) = 8*k**2 + 2*k - 1. Let y be r(1). What is the highest common factor of y and s?
9
Let y(x) = 2*x**2 - x + 1. Let t be y(1). Let p be (-344)/3 + t/3. Let m = -37 - p. Calculate the greatest common factor of 7 and m.
7
Let q(c) = c**3 + 6*c**2 - 8*c + 7. Let b be q(-5). Calculate the greatest common factor of 8 and b.
8
Let j = 1 - -5. Suppose -5*h + 150 = -4*h. Suppose -c = 4*c - h. Calculate the greatest common factor of c and j.
6
Let o(f) = -f**3 + 7*f**2 - 3*f - 5. Let x be o(6). What is the greatest common factor of x and 26?
13
Suppose 0 = 38*k - 37*k - 2. Calculate the highest common factor of 2 and k.
2
Let a be ((-12)/8 + 1)*-4. Suppose 0 = 3*c + 3*x - 15, x + 3 = -c + 2*c. Calculate the greatest common divisor of c and a.
2
Suppose 0 = 8*k - 5*k - 99. Let o = 4 - 1. Calculate the greatest common factor of k and o.
3
Let d be 29 + (-5)/(20/(-12)). Calculate the greatest common factor of d and 4.
4
Suppose 497 = 6*u - 175. Let h be 0/1*2/(-4). Let j(v) = -v**2 + v + 14. Let y b